?
True
Is 67103 prime?
True
Is 424038379 composite?
False
Is 5410973 a composite number?
False
Is 40438643 a prime number?
False
Is 169758493 prime?
True
Is 104506081 composite?
False
Is 3929207 composite?
True
Is 30376037 a composite number?
False
Is 104969929 a composite number?
True
Is 636717 a composite number?
True
Is 106364183 prime?
False
Is 1179391 composite?
True
Is 3389569 prime?
False
Is 9443797 a composite number?
True
Is 9116137 a composite number?
True
Is 1401067 prime?
True
Is 95438827 a prime number?
False
Is 81863119 composite?
True
Is 60296267 a prime number?
False
Is 7662829 composite?
True
Is 18639809 a prime number?
False
Is 133099467 a composite number?
True
Is 147747167 prime?
False
Is 34505089 composite?
False
Is 15311539 prime?
True
Is 76073417 prime?
False
Is 1110295 prime?
False
Is 69378371 a composite number?
False
Is 8309227 prime?
True
Is 19900261 prime?
True
Is 7676269 composite?
False
Is 16381747 composite?
False
Is 689252423 prime?
True
Is 68257011 a composite number?
True
Is 150269 composite?
True
Is 29362141 prime?
True
Is 268415549 prime?
True
Is 135011 composite?
True
Is 87887707 prime?
True
Is 44672687 composite?
False
Is 23414407 a composite number?
False
Is 4320059 a composite number?
False
Is 656140487 a composite number?
False
Is 57941293 composite?
False
Is 1722419 composite?
False
Is 8954747 a composite number?
False
Is 4005073 a prime number?
False
Is 26998701 a composite number?
True
Is 507682699 a prime number?
True
Is 1349651 a composite number?
False
Is 2678111 a prime number?
True
Is 15062141 composite?
False
Is 9549251 prime?
False
Is 456638447 composite?
False
Is 291391627 a composite number?
False
Is 2066399 prime?
True
Is 2229809 prime?
True
Is 93278599 a composite number?
True
Is 41494013 a prime number?
False
Is 34873331 a prime number?
True
Is 142164527 a prime number?
True
Is 3688453 a composite number?
False
Is 94577891 a prime number?
False
Is 2516567 prime?
True
Is 1973269 a prime number?
False
Is 986969579 a composite number?
False
Is 31267231 a composite number?
False
Is 19032709 a composite number?
False
Is 9489373 a composite number?
True
Is 8910233 composite?
False
Is 4108873 a composite number?
False
Is 82537229 composite?
False
Is 173861629 a composite number?
False
Is 23084389 prime?
True
Is 938699 a composite number?
True
Is 288203347 composite?
True
Is 27897217 a composite number?
True
Is 38806763 composite?
False
Is 343481 composite?
False
Is 114682387 a composite number?
False
Is 33956339 composite?
False
Is 2034661 prime?
True
Is 8021797 a prime number?
False
Is 11225719 composite?
True
Is 73009877 prime?
True
Is 15201023 a prime number?
False
Is 927013 a composite number?
False
Is 6866023 a prime number?
False
Is 18305711 a prime number?
True
Is 81253651 a composite number?
True
Is 95651 prime?
True
Is 6014219 a composite number?
False
Is 3719533 a composite number?
True
Is 178713481 composite?
True
Is 2453863 composite?
True
Is 154781899 composite?
False
Is 18755839 a composite number?
False
Is 15156181 composite?
False
Is 2172223 a composite number?
True
Is 86813 a composite number?
False
Is 153013 a composite number?
True
Is 977353 composite?
True
Is 47210893 a composite number?
True
Is 112552807 a prime number?
True
Is 72453713 prime?
True
Is 41719 prime?
True
Is 159854333 prime?
False
Is 2952179 prime?
True
Is 20668331 a composite number?
False
Is 516042151 a composite number?
True
Is 33667863 composite?
True
Is 70927963 composite?
True
Is 1581907 a prime number?
False
Is 32921057 a prime number?
False
Is 18749459 composite?
False
Is 35169847 prime?
True
Is 4861327 prime?
False
Is 490697 prime?
True
Is 16561 prime?
True
Is 7387463 composite?
True
Is 13208917 prime?
True
Is 38040074 composite?
True
Is 2714702 prime?
False
Is 81918659 a prime number?
True
Is 56736541 prime?
False
Is 5310737 composite?
False
Is 224050447 a prime number?
True
Is 19144549 composite?
False
Is 38608769 prime?
True
Is 4735487 a composite number?
True
Is 23450569 composite?
True
Is 675557 a prime number?
False
Is 5045407 composite?
False
Is 1330361 a composite number?
True
Is 40541689 a prime number?
True
Is 60432371 a prime number?
True
Is 42356383 prime?
True
Is 2445629 a composite number?
False
Is 495017 a prime number?
True
Is 5183641 prime?
True
Is 62775763 prime?
False
Is 298897 composite?
False
Is 184215709 a composite number?
True
Is 1572742 a prime number?
False
Is 22201591 prime?
False
Is 13160291 a composite number?
False
Is 1830553 a prime number?
False
Is 172784827 composite?
False
Is 323864113 composite?
False
Is 4419851 a prime number?
True
Is 51692917 composite?
False
Is 1213778477 prime?
True
Is 169402297 a composite number?
True
Is 19880823 prime?
False
Is 3235961 a prime number?
True
Is 4016339 composite?
False
Is 103873501 a prime number?
False
Is 1410781 prime?
True
Is 9103639 a prime number?
False
Is 184301779 prime?
True
Is 269576702 a composite number?
True
Is 6522787 a prime number?
True
Is 48160349 a prime number?
True
Is 14851561 composite?
False
Is 1292569 a composite number?
True
Is 2168287 prime?
False
Is 491353 prime?
True
Is 70709 a prime number?
True
Is 37982281 a composite number?
False
Is 8051713 prime?
True
Is 8509183 composite?
False
Is 34181579 composite?
False
Is 4270391 a prime number?
True
Is 10893409 a composite number?
False
Is 330992017 composite?
False
Is 115930579 a composite number?
False
Is 2485061 prime?
True
Is 3521359 prime?
False
Is 1557453 a composite number?
True
Is 2163181 composite?
False
Is 1152623 prime?
True
Is 122895579 composite?
True
Is 92734027 prime?
False
Is 4506373 composite?
False
Is 111366971 composite?
True
Is 81110651 composite?
True
Is 14990201 composite?
True
Is 10941241 a composite number?
False
Is 68801897 composite?
True
Is 5876011 a composite number?
False
Is 5367893 composite?
True
Is 12077953 a prime number?
False
Is 27688579 composite?
False
Is 60636731 a composite number?
False
Is 3082441 a composite number?
False
Is 3842191 a composite number?
True
Is 114937 prime?
False
Is 10239979 a prime number?
False
Is 2765999 composite?
True
Is 646859 prime?
True
Is 804179 a composite number?
False
Is 6019719 composite?
True
Is 1661321 a composite number?
True
Is 7372207 prime?
False
Is 17417203 composite?
False
Is 14011243 composite?
True
Is 14419153 a prime number?
False
Is 202583 composite?
True
Is 614827 composite?
False
Is 9608405 prime?
False
Is 1014730529 composite?
False
Is 38088169 composite?
True
Is 2601829 composite?
True
Is 7346201 a prime number?
True
Is 245137847 a prime number?
True
Is 152693479 composite?
False
Is 310458293 a composite number?
False
Is 9215435 composite?
True
Is 262861661 prime?
True
Is 36697847 a prime number?
False
Is 6270701 a composite number?
False
Is 91343743 a prime number?
False
Is 130027763 prime?
False
Is 6602665 a composite number?
True
Is 2779246 a composite number?
True
Is 355146931 composite?
False
Is 15415079 a composite number?
False
Is 25782683 prime?
True
Is 244795423 a prime number?
True
Is 93329323 composite?
False
Is 85675391 a composite number?
True
Is 6133731 prime?
False
Is 46966627 a prime number?
True
Is 9743267 a composite number?
False
Is 38131363 a composite number?
False
Is 12421007 composite?
False
Is 22978833 a prime number?
False
Is 315915547 a prime number?
False
Is 10112831 composite?
False
Is 38041637 composite?
True
Is 6328487 a composite number?
True
Is 17416331 composite?
True
Is 1443193 prime?
True
Is 477619547 a composite number?
True
Is 270299 a prime number?
True
Is 5726317 prime?
False
Is 4446742 a composite number?
True
Is 21065249 composite?
True
Is 95673593 a composite number?
True
Is 8000549 composite?
True
Is 161713663 a prime number?
False
Is 70290281 a composite number?
False
Is 13094909 a prime number?
True
Is 3548761 a prime number?
False
Is 101021015 composite?
True
Is 75600509 a prime number?
False
Is 1375457 composite?
False
Is 2620223 a composite number?
False
Is 17128547 composite?
False
Is 6949153 prime?
False
Is 17407583 composite?
True
Is 356089 composite?
True
Is 130784293 a composite number?
True
Is 15300073 a composite number?
True
Is 1450238047 a composite number?
False
Is 90999191 a composite number?
True
Is 556909543 c